
21
What is the greatest common factor of 18 and 16641?
9
Calculate the highest common divisor of 140 and 6965.
35
What is the highest common factor of 2012 and 8?
4
Calculate the greatest common factor of 65 and 65.
65
What is the greatest common factor of 8 and 88?
8
What is the highest common factor of 102 and 6018?
102
What is the greatest common factor of 192 and 12?
12
What is the greatest common divisor of 11882 and 26?
26
What is the highest common divisor of 6 and 4371?
3
What is the highest common divisor of 80 and 2380?
20
Calculate the greatest common factor of 1612 and 372.
124
What is the highest common factor of 333 and 81?
9
Calculate the greatest common factor of 1598 and 102.
34
Calculate the greatest common divisor of 253 and 44.
11
What is the highest common divisor of 3560 and 160?
40
Calculate the highest common divisor of 800 and 96.
32
What is the highest common factor of 92 and 5497?
23
Calculate the highest common factor of 930 and 30.
30
What is the highest common factor of 5473 and 26?
13
Calculate the highest common divisor of 32 and 4000.
32
Calculate the greatest common divisor of 4 and 92.
4
What is the greatest common factor of 2500 and 90?
10
Calculate the highest common divisor of 312 and 51.
3
What is the highest common divisor of 72 and 468?
36
What is the greatest common divisor of 116 and 28?
4
What is the greatest common factor of 123 and 451?
41
Calculate the highest common factor of 275 and 5005.
55
What is the highest common factor of 1868 and 2?
2
What is the greatest common factor of 84 and 1155?
21
Calculate the highest common divisor of 146 and 1241.
73
Calculate the highest common divisor of 450 and 570.
30
What is the highest common factor of 37 and 4736?
37
Calculate the greatest common factor of 6100 and 60.
20
What is the greatest common divisor of 5012 and 28?
28
Calculate the greatest common factor of 18 and 279.
9
What is the greatest common factor of 131 and 3?
1
What is the highest common factor of 96 and 40?
8
What is the greatest common factor of 476 and 644?
28
Calculate the greatest common factor of 375 and 990.
15
Calculate the greatest common factor of 9876 and 132.
12
What is the highest common divisor of 1730 and 40?
10
Calculate the greatest common divisor of 1044 and 609.
87
What is the highest common divisor of 311 and 3732?
311
Calculate the greatest common divisor of 24 and 84.
12
Calculate the greatest common factor of 365 and 292.
73
Calculate the greatest common divisor of 14 and 4872.
14
What is the highest common factor of 99 and 55?
11
Calculate the highest common divisor of 833 and 187.
17
What is the highest common factor of 22 and 6?
2
Calculate the highest common divisor of 29 and 2581.
29
What is the greatest common factor of 50 and 140?
10
What is the greatest common factor of 49 and 28?
7
Calculate the greatest common divisor of 273 and 7.
7
Calculate the greatest common factor of 1403 and 183.
61
What is the highest common factor of 216 and 3636?
36
Calculate the highest common factor of 29 and 1421.
29
What is the highest common divisor of 810 and 4410?
90
Calculate the greatest common factor of 358 and 89858.
358
Calculate the highest common divisor of 322 and 14.
14
Calculate the highest common divisor of 104 and 585.
13
What is the highest common factor of 222 and 18?
6
What is the greatest common factor of 1530 and 1989?
153
What is the highest common factor of 625 and 2875?
125
What is the highest common factor of 280 and 224?
56
Calculate the greatest common factor of 32 and 1.
1
What is the highest common factor of 6355 and 775?
155
Calculate the highest common divisor of 319 and 29.
29
Calculate the highest common factor of 26 and 13.
13
What is the highest common divisor of 93 and 2418?
93
What is the greatest common divisor of 52 and 377?
13
What is the greatest common divisor of 855 and 225?
45
Calculate the greatest common divisor of 18 and 45.
9
Calculate the highest common factor of 1455 and 15.
15
Calculate the highest common factor of 3 and 96.
3
Calculate the highest common factor of 150 and 108.
6
Calculate the highest common divisor of 1110 and 30.
30
What is the greatest common factor of 104 and 512?
8
What is the highest common divisor of 36 and 2601?
9
What is the highest common factor of 654 and 24?
6
What is the greatest common factor of 1346 and 2?
2
What is the greatest common divisor of 10 and 1040?
10
Calculate the highest common divisor of 264 and 24.
24
Calculate the highest common divisor of 3382 and 534.
178
Calculate the highest common factor of 55 and 44.
11
What is the greatest common factor of 2552 and 203?
29
Calculate the greatest common factor of 183 and 50691.
183
What is the highest common divisor of 432 and 48?
48
What is the greatest common divisor of 224 and 18256?
112
Calculate the highest common divisor of 12 and 2724.
12
What is the highest common factor of 322 and 1426?
46
Calculate the greatest common factor of 426 and 9.
3
Calculate the highest common factor of 50 and 110.
10
What is the greatest common factor of 14852 and 79?
79
Calculate the highest common factor of 17 and 14671.
17
Calculate the highest common divisor of 248 and 310.
62
Calculate the highest common divisor of 30 and 2950.
10
Calculate the highest common factor of 11078 and 573.
191
What is the highest common factor of 21 and 5663?
7
What is the greatest common divisor of 6193 and 11?
11
Calculate the greatest common divisor of 31266 and 162.
162
What is the greatest common factor of 351 and 144?
9
What is the greatest common divisor of 10 and 190?
10
What is the highest common divisor of 208 and 544?
16
Calculate the greatest common divisor of 1 and 173.
1
What is the greatest common factor of 1071 and 210?
21
Calculate the greatest common divisor of 6 and 1257.
3
What is the highest common divisor of 1782 and 66?
66
Calculate the highest common factor of 130 and 66560.
130
What is the highest common divisor of 90 and 5958?
18
Calculate the highest common factor of 245 and 63.
7
Calculate the greatest common divisor of 39 and 3302.
13
What is the greatest common factor of 93 and 11873?
31
Calculate the greatest common factor of 102 and 986.
34
Calculate the greatest common divisor of 9303 and 21.
21
Calculate the greatest common factor of 4100 and 100.
100
What is the highest common divisor of 328 and 2747?
41
Calculate the greatest common factor of 27 and 57.
3
Calculate the greatest common divisor of 629 and 4440.
37
What is the highest common factor of 7080 and 120?
120
What is the greatest common divisor of 47 and 376?
47
Calculate the highest common factor of 61 and 61.
61
What is the greatest common divisor of 6294 and 6?
6
Calculate the highest common factor of 18791 and 43.
43
What is the greatest common factor of 106 and 106?
106
What is the greatest common divisor of 304 and 380?
76
What is the highest common factor of 288 and 18?
18
Calculate the highest common divisor of 37665 and 93.
93
Calculate the highest common divisor of 850 and 493.
17
What is the greatest common factor of 300 and 40?
20
Calculate the highest common factor of 99 and 15.
3
Calculate the highest common divisor of 177 and 767.
59
What is the greatest common factor of 3 and 219?
3
Calculate the highest common divisor of 2 and 2.
2
Calculate the highest common divisor of 104 and 364.
52
What is the greatest common divisor of 5748 and 12?
12
What is the highest common divisor of 117 and 7527?
39
Calculate the highest common factor of 828 and 460.
92
What is the greatest common factor of 6 and 7845?
3
Calculate the highest common divisor of 92 and 1084.
4
Calculate the highest common divisor of 297 and 231.
33
What is the highest common divisor of 204 and 60?
12
Calculate the highest common factor of 144 and 2248.
8
Calculate the greatest common factor of 190 and 90.
10
What is the greatest common divisor of 2860 and 440?
220
Calculate the highest common divisor of 32 and 4064.
32
Calculate the greatest common factor of 8 and 248.
8
Calculate the greatest common factor of 22 and 1298.
22
What is the greatest common divisor of 47 and 1269?
47
Calculate the highest common divisor of 28 and 128.
4
Calculate the highest common divisor of 623 and 224.
7
What is t